{"id":72,"date":"2016-07-26T11:54:11","date_gmt":"2016-07-26T09:54:11","guid":{"rendered":"http:\/\/test.dr-plewnia.de\/?page_id=72"},"modified":"2021-09-06T09:04:11","modified_gmt":"2021-09-06T07:04:11","slug":"kindliche-hoerstoerungen","status":"publish","type":"page","link":"https:\/\/www.dr-plewnia.de\/index.php\/diagnostik\/kindliche-hoerstoerungen\/","title":{"rendered":"Kindliche H\u00f6rst\u00f6rungen"},"content":{"rendered":"<h2><span style=\"font-size: x-large;\">H\u00f6rst\u00f6rungen fr\u00fchzeitig erkennen<\/span><\/h2>\n<table border=\"0\" width=\"100%\" cellspacing=\"0\" cellpadding=\"0\">\n<tbody>\n<tr>\n<td>Hochgradige H\u00f6rbeeintr\u00e4chtigungen k\u00f6nnen bereits schon beim Neugeborenen herausgefunden werden. F\u00fcr die Abkl\u00e4rung fraglicher H\u00f6rst\u00f6rungen bei Neugeborenen stehen computerunterst\u00fctzte Messverfahren (OAE, BERA) zur Verf\u00fcgung.<img loading=\"lazy\" decoding=\"async\" class=\"size-medium wp-image-373 alignright\" src=\"https:\/\/www.dr-plewnia.de\/wp-content\/uploads\/2016\/11\/dr.plewniakind-300x225.jpg\" alt=\"dr-plewniakind\" width=\"300\" height=\"225\" srcset=\"https:\/\/www.dr-plewnia.de\/wp-content\/uploads\/2016\/11\/dr.plewniakind-300x225.jpg 300w, https:\/\/www.dr-plewnia.de\/wp-content\/uploads\/2016\/11\/dr.plewniakind-768x576.jpg 768w, https:\/\/www.dr-plewnia.de\/wp-content\/uploads\/2016\/11\/dr.plewniakind-1024x768.jpg 1024w, https:\/\/www.dr-plewnia.de\/wp-content\/uploads\/2016\/11\/dr.plewniakind-200x150.jpg 200w, https:\/\/www.dr-plewnia.de\/wp-content\/uploads\/2016\/11\/dr.plewniakind-150x113.jpg 150w\" sizes=\"auto, (max-width: 300px) 100vw, 300px\" \/><\/p>\n<p>Sollten sich bei diesen Messungen angeborene oder erworbene Schwerh\u00f6rigkeiten zeigen, erfolgt gegebenenfalls eine Weiterleitung in ein p\u00e4daudiologisches Zentrum.<\/p>\n<p>Ab dem vierten Lebensjahr ist h\u00e4ufig bereits die Durchf\u00fchrung eines normalen Tonaudiogramms durch unsere, diesbez\u00fcglich besonders geschulten, Mitarbeiterinnen m\u00f6glich.<\/td>\n<\/tr>\n<\/tbody>\n<\/table>\n<pre style=\"text-align: right;\"><em><sup>HNO-Arztpraxis Dres. Plewnia N\u00fcrnberg | H\u00f6rst\u00f6rungen bei Kindern<\/sup><\/em><\/pre>\n","protected":false},"excerpt":{"rendered":"<p>H\u00f6rst\u00f6rungen fr\u00fchzeitig erkennen Hochgradige H\u00f6rbeeintr\u00e4chtigungen k\u00f6nnen bereits schon beim Neugeborenen herausgefunden werden. F\u00fcr die Abkl\u00e4rung fraglicher H\u00f6rst\u00f6rungen bei Neugeborenen stehen computerunterst\u00fctzte Messverfahren (OAE, BERA) zur Verf\u00fcgung. Sollten sich bei diesen Messungen angeborene oder erworbene Schwerh\u00f6rigkeiten zeigen, erfolgt gegebenenfalls eine Weiterleitung in ein p\u00e4daudiologisches Zentrum. Ab dem vierten Lebensjahr ist h\u00e4ufig\u2026<\/p>\n<p> <a class=\"continue-reading-link\" href=\"https:\/\/www.dr-plewnia.de\/index.php\/diagnostik\/kindliche-hoerstoerungen\/\"><span>Weiterlesen<\/span><i class=\"crycon-right-dir\"><\/i><\/a> <\/p>\n","protected":false},"author":1,"featured_media":0,"parent":37,"menu_order":0,"comment_status":"closed","ping_status":"closed","template":"","meta":{"footnotes":""},"class_list":["post-72","page","type-page","status-publish","hentry"],"_links":{"self":[{"href":"https:\/\/www.dr-plewnia.de\/index.php\/wp-json\/wp\/v2\/pages\/72","targetHints":{"allow":["GET"]}}],"collection":[{"href":"https:\/\/www.dr-plewnia.de\/index.php\/wp-json\/wp\/v2\/pages"}],"about":[{"href":"https:\/\/www.dr-plewnia.de\/index.php\/wp-json\/wp\/v2\/types\/page"}],"author":[{"embeddable":true,"href":"https:\/\/www.dr-plewnia.de\/index.php\/wp-json\/wp\/v2\/users\/1"}],"replies":[{"embeddable":true,"href":"https:\/\/www.dr-plewnia.de\/index.php\/wp-json\/wp\/v2\/comments?post=72"}],"version-history":[{"count":11,"href":"https:\/\/www.dr-plewnia.de\/index.php\/wp-json\/wp\/v2\/pages\/72\/revisions"}],"predecessor-version":[{"id":651,"href":"https:\/\/www.dr-plewnia.de\/index.php\/wp-json\/wp\/v2\/pages\/72\/revisions\/651"}],"up":[{"embeddable":true,"href":"https:\/\/www.dr-plewnia.de\/index.php\/wp-json\/wp\/v2\/pages\/37"}],"wp:attachment":[{"href":"https:\/\/www.dr-plewnia.de\/index.php\/wp-json\/wp\/v2\/media?parent=72"}],"curies":[{"name":"wp","href":"https:\/\/api.w.org\/{rel}","templated":true}]}}