{"id":37,"date":"2016-07-22T14:00:29","date_gmt":"2016-07-22T12:00:29","guid":{"rendered":"http:\/\/test.dr-plewnia.de\/?page_id=37"},"modified":"2016-11-29T12:02:25","modified_gmt":"2016-11-29T11:02:25","slug":"diagnostik","status":"publish","type":"page","link":"https:\/\/www.dr-plewnia.de\/index.php\/diagnostik\/","title":{"rendered":"Leistungsspektrum"},"content":{"rendered":"<table border=\"0\" width=\"100%\" cellspacing=\"0\" cellpadding=\"0\">\n<tbody>\n<tr>\n<td height=\"30\"><a href=\"https:\/\/www.dr-plewnia.de\/index.php\/diagnostik\/hoerstoerungen\/\">H\u00f6rst\u00f6rungen<\/a><\/p>\n<p><a href=\"https:\/\/www.dr-plewnia.de\/index.php\/diagnostik\/kindliche-hoerstoerungen\/\">Kindliche H\u00f6rst\u00f6rungen<\/a><\/p>\n<p><a href=\"https:\/\/www.dr-plewnia.de\/index.php\/diagnostik\/schwindeldiagnostik\/\">Schwindeldiagnostik<\/a><\/p>\n<p><a href=\"https:\/\/www.dr-plewnia.de\/index.php\/diagnostik\/tinnitusdiagnostik\/\">Tinnitusdiagnostik<\/a><\/p>\n<p><a href=\"https:\/\/www.dr-plewnia.de\/index.php\/diagnostik\/ultraschalldiagnostik\/\">Ultraschalldiagnostik<\/a><\/p>\n<p><a href=\"https:\/\/www.dr-plewnia.de\/index.php\/diagnostik\/allergiediagnostik-2\/\">Allergiediagnostik<\/a><\/p>\n<p><a href=\"https:\/\/www.dr-plewnia.de\/index.php\/diagnostik\/hyposensibilisierung\/\">Hyposensibilisierung<\/a><\/p>\n<p><a href=\"https:\/\/www.dr-plewnia.de\/index.php\/diagnostik\/tauchuntersuchungen-2\/\">Tauchtauglichkeitsuntersuchung<\/a><\/p>\n<p><a href=\"https:\/\/www.dr-plewnia.de\/index.php\/diagnostik\/flugtauglichkeitsuntersuchung\/\">Flugtauglichkeitsuntersuchung<\/a><\/p>\n<p><a href=\"https:\/\/www.dr-plewnia.de\/index.php\/diagnostik\/akupunkturbehandlung\/\">Akupunkturbehandlung<\/a><\/td>\n<\/tr>\n<\/tbody>\n<\/table>\n","protected":false},"excerpt":{"rendered":"<p>H\u00f6rst\u00f6rungen Kindliche H\u00f6rst\u00f6rungen Schwindeldiagnostik Tinnitusdiagnostik Ultraschalldiagnostik Allergiediagnostik Hyposensibilisierung Tauchtauglichkeitsuntersuchung Flugtauglichkeitsuntersuchung Akupunkturbehandlung<\/p>\n<p> <a class=\"continue-reading-link\" href=\"https:\/\/www.dr-plewnia.de\/index.php\/diagnostik\/\"><span>Weiterlesen<\/span><i class=\"crycon-right-dir\"><\/i><\/a> <\/p>\n","protected":false},"author":1,"featured_media":0,"parent":0,"menu_order":0,"comment_status":"closed","ping_status":"closed","template":"","meta":{"footnotes":""},"class_list":["post-37","page","type-page","status-publish","hentry"],"_links":{"self":[{"href":"https:\/\/www.dr-plewnia.de\/index.php\/wp-json\/wp\/v2\/pages\/37","targetHints":{"allow":["GET"]}}],"collection":[{"href":"https:\/\/www.dr-plewnia.de\/index.php\/wp-json\/wp\/v2\/pages"}],"about":[{"href":"https:\/\/www.dr-plewnia.de\/index.php\/wp-json\/wp\/v2\/types\/page"}],"author":[{"embeddable":true,"href":"https:\/\/www.dr-plewnia.de\/index.php\/wp-json\/wp\/v2\/users\/1"}],"replies":[{"embeddable":true,"href":"https:\/\/www.dr-plewnia.de\/index.php\/wp-json\/wp\/v2\/comments?post=37"}],"version-history":[{"count":10,"href":"https:\/\/www.dr-plewnia.de\/index.php\/wp-json\/wp\/v2\/pages\/37\/revisions"}],"predecessor-version":[{"id":432,"href":"https:\/\/www.dr-plewnia.de\/index.php\/wp-json\/wp\/v2\/pages\/37\/revisions\/432"}],"wp:attachment":[{"href":"https:\/\/www.dr-plewnia.de\/index.php\/wp-json\/wp\/v2\/media?parent=37"}],"curies":[{"name":"wp","href":"https:\/\/api.w.org\/{rel}","templated":true}]}}